{"id":11727,"date":"2025-08-12T16:36:50","date_gmt":"2025-08-12T16:36:50","guid":{"rendered":"https:\/\/aeamesp.org.br\/site2025\/?page_id=11727"},"modified":"2025-08-12T17:38:03","modified_gmt":"2025-08-12T17:38:03","slug":"gestao","status":"publish","type":"page","link":"https:\/\/aeamesp.org.br\/site2025\/gestao\/","title":{"rendered":"Gest\u00e3o"},"content":{"rendered":"\t\t<div data-elementor-type=\"wp-page\" data-elementor-id=\"11727\" class=\"elementor elementor-11727\">\n\t\t\t\t<div class=\"elementor-element elementor-element-f9cd231 e-flex e-con-boxed e-con e-parent\" data-id=\"f9cd231\" data-element_type=\"container\" data-e-type=\"container\">\n\t\t\t\t\t<div class=\"e-con-inner\">\n\t\t\t\t<div class=\"elementor-element elementor-element-b9dc3a7 elementor-align-left elementor-widget elementor-widget-button\" data-id=\"b9dc3a7\" data-element_type=\"widget\" data-e-type=\"widget\" data-widget_type=\"button.default\">\n\t\t\t\t\t\t\t\t\t\t<a class=\"elementor-button elementor-button-link elementor-size-sm\" href=\"https:\/\/aeamesp.org.br\/site2025\/wp-content\/uploads\/2025\/08\/Estatuto-AEAMESP.pdf\" target=\"_blank\">\n\t\t\t\t\t\t<span class=\"elementor-button-content-wrapper\">\n\t\t\t\t\t\t<span class=\"elementor-button-icon\">\n\t\t\t\t<svg aria-hidden=\"true\" class=\"e-font-icon-svg e-far-folder-open\" viewBox=\"0 0 576 512\" xmlns=\"http:\/\/www.w3.org\/2000\/svg\"><path d=\"M527.9 224H480v-48c0-26.5-21.5-48-48-48H272l-64-64H48C21.5 64 0 85.5 0 112v288c0 26.5 21.5 48 48 48h400c16.5 0 31.9-8.5 40.7-22.6l79.9-128c20-31.9-3-73.4-40.7-73.4zM48 118c0-3.3 2.7-6 6-6h134.1l64 64H426c3.3 0 6 2.7 6 6v42H152c-16.8 0-32.4 8.8-41.1 23.2L48 351.4zm400 282H72l77.2-128H528z\"><\/path><\/svg>\t\t\t<\/span>\n\t\t\t\t\t\t\t\t\t<span class=\"elementor-button-text\">Nosso Estatuto<\/span>\n\t\t\t\t\t<\/span>\n\t\t\t\t\t<\/a>\n\t\t\t\t\t\t\t\t<\/div>\n\t\t\t\t\t<\/div>\n\t\t\t\t<\/div>\n\t\t<div class=\"elementor-element elementor-element-d08b3a8 e-flex e-con-boxed e-con e-parent\" data-id=\"d08b3a8\" data-element_type=\"container\" data-e-type=\"container\">\n\t\t\t\t\t<div class=\"e-con-inner\">\n\t\t\t\t<div class=\"elementor-element elementor-element-25c67ee elementor-widget elementor-widget-n-accordion\" data-id=\"25c67ee\" data-element_type=\"widget\" data-e-type=\"widget\" data-settings=\"{&quot;default_state&quot;:&quot;expanded&quot;,&quot;max_items_expended&quot;:&quot;one&quot;,&quot;n_accordion_animation_duration&quot;:{&quot;unit&quot;:&quot;ms&quot;,&quot;size&quot;:400,&quot;sizes&quot;:[]}}\" data-widget_type=\"nested-accordion.default\">\n\t\t\t\t\t\t\t<div class=\"e-n-accordion\" aria-label=\"Accordion. Open links with Enter or Space, close with Escape, and navigate with Arrow Keys\">\n\t\t\t\t\t\t<details id=\"e-n-accordion-item-3960\" class=\"e-n-accordion-item\" open>\n\t\t\t\t<summary class=\"e-n-accordion-item-title\" data-accordion-index=\"1\" tabindex=\"0\" aria-expanded=\"true\" aria-controls=\"e-n-accordion-item-3960\" >\n\t\t\t\t\t<span class='e-n-accordion-item-title-header'><div class=\"e-n-accordion-item-title-text\"> Gest\u00e3o 2023 - 2026 <\/div><\/span>\n\t\t\t\t\t\t\t<span class='e-n-accordion-item-title-icon'>\n\t\t\t<span class='e-opened' ><svg aria-hidden=\"true\" class=\"e-font-icon-svg e-fas-minus\" viewBox=\"0 0 448 512\" xmlns=\"http:\/\/www.w3.org\/2000\/svg\"><path d=\"M416 208H32c-17.67 0-32 14.33-32 32v32c0 17.67 14.33 32 32 32h384c17.67 0 32-14.33 32-32v-32c0-17.67-14.33-32-32-32z\"><\/path><\/svg><\/span>\n\t\t\t<span class='e-closed'><svg aria-hidden=\"true\" class=\"e-font-icon-svg e-fas-plus\" viewBox=\"0 0 448 512\" xmlns=\"http:\/\/www.w3.org\/2000\/svg\"><path d=\"M416 208H272V64c0-17.67-14.33-32-32-32h-32c-17.67 0-32 14.33-32 32v144H32c-17.67 0-32 14.33-32 32v32c0 17.67 14.33 32 32 32h144v144c0 17.67 14.33 32 32 32h32c17.67 0 32-14.33 32-32V304h144c17.67 0 32-14.33 32-32v-32c0-17.67-14.33-32-32-32z\"><\/path><\/svg><\/span>\n\t\t<\/span>\n\n\t\t\t\t\t\t<\/summary>\n\t\t\t\t<div role=\"region\" aria-labelledby=\"e-n-accordion-item-3960\" class=\"elementor-element elementor-element-4d1082c e-con-full e-flex e-con e-child\" data-id=\"4d1082c\" data-element_type=\"container\" data-e-type=\"container\">\n\t\t<div role=\"region\" aria-labelledby=\"e-n-accordion-item-3960\" class=\"elementor-element elementor-element-4dbcd8b e-flex e-con-boxed e-con e-child\" data-id=\"4dbcd8b\" data-element_type=\"container\" data-e-type=\"container\">\n\t\t\t\t\t<div class=\"e-con-inner\">\n\t\t\t\t<div class=\"elementor-element elementor-element-1d3b9c7 elementor-widget elementor-widget-text-editor\" data-id=\"1d3b9c7\" data-element_type=\"widget\" data-e-type=\"widget\" data-widget_type=\"text-editor.default\">\n\t\t\t\t\t\t\t\t\t<h4><strong>Diretoria Executiva<\/strong><\/h4><hr \/><p>Eng. Lu\u00eds Guilherme Kolle \u2013\u00a0<strong>Presidente<\/strong><\/p><hr \/><p>Eng. George Allan Cavalcanti Valdez \u2013\u00a0<strong>Vice-presidente de Administra\u00e7\u00e3o e Finan\u00e7as<\/strong><\/p><hr \/><p>Eng. Carlos Eduardo Gomes da Silva \u2013 \u00a0<strong>Vice-presidente Atividades T\u00e9cnicas<\/strong><\/p><hr \/><p>Arq. Ayrton Camargo e Silva \u2013\u00a0<strong>Vice-presidente de Assuntos Associativos<\/strong><\/p><hr \/><p>Eng. Arnaldo Pinto Coelho \u2013\u00a0<strong>1\u00ba Diretor Tesoureiro<\/strong><\/p><hr \/><p>Arq. Juliana Tiemi Tamanaha \u2013\u00a0<strong>2\u00ba Diretor Tesoureiro<\/strong><\/p><hr \/><p>Arq. Daisy Arradi Letaif \u2013\u00a0<strong>1\u00ba Diretor Secret\u00e1rio<\/strong><\/p><hr \/><p>Arq. Jo\u00e3o Carlos Santos Taqueda \u2013\u00a0<strong>2\u00ba Diretor Secret\u00e1rio<\/strong><\/p><hr \/><h4><strong>ELEITOS CONSELHO DELIBERATIVO<\/strong><\/h4><p>Eng. Albert Haga<br \/>Eng. Alexandre de Freitas Pinto<br \/>Eng. Ayres Rodrigues Gon\u00e7alves<br \/>Arq. B\u00e1rbara Ramos Coutinho Vicalvi<br \/>Eng. Christian Becker Bueno de Abreu<br \/>Arq. Fabiana Nonogaki<br \/>Eng. Maria Toshiko Yamawaki<br \/>Arq. Neila Cust\u00f3dio<br \/>Eng. Rodolfo Szmidke<br \/>Eng. Suzana Dorr Caniceiro<br \/>Eng. Victor Manuel de Almeida S. de Vasconcelos<br \/>Arq. Wilson Mitt<\/p><h4><strong>ELEITOS CONSELHO FISCAL<\/strong><\/h4><p>Arq. Andr\u00e9 Mazzucatto<br \/>Arq. Patricia Domingues Truzzi<br \/>Eng. Valter Belapetravicius<\/p>\t\t\t\t\t\t\t\t<\/div>\n\t\t\t\t\t<\/div>\n\t\t\t\t<\/div>\n\t\t\t\t<\/div>\n\t\t\t\t\t<\/details>\n\t\t\t\t\t\t<details id=\"e-n-accordion-item-3961\" class=\"e-n-accordion-item\" >\n\t\t\t\t<summary class=\"e-n-accordion-item-title\" data-accordion-index=\"2\" tabindex=\"-1\" aria-expanded=\"false\" aria-controls=\"e-n-accordion-item-3961\" >\n\t\t\t\t\t<span class='e-n-accordion-item-title-header'><div class=\"e-n-accordion-item-title-text\"> Gest\u00e3o 2020 a 2023 <\/div><\/span>\n\t\t\t\t\t\t\t<span class='e-n-accordion-item-title-icon'>\n\t\t\t<span class='e-opened' ><svg aria-hidden=\"true\" class=\"e-font-icon-svg e-fas-minus\" viewBox=\"0 0 448 512\" xmlns=\"http:\/\/www.w3.org\/2000\/svg\"><path d=\"M416 208H32c-17.67 0-32 14.33-32 32v32c0 17.67 14.33 32 32 32h384c17.67 0 32-14.33 32-32v-32c0-17.67-14.33-32-32-32z\"><\/path><\/svg><\/span>\n\t\t\t<span class='e-closed'><svg aria-hidden=\"true\" class=\"e-font-icon-svg e-fas-plus\" viewBox=\"0 0 448 512\" xmlns=\"http:\/\/www.w3.org\/2000\/svg\"><path d=\"M416 208H272V64c0-17.67-14.33-32-32-32h-32c-17.67 0-32 14.33-32 32v144H32c-17.67 0-32 14.33-32 32v32c0 17.67 14.33 32 32 32h144v144c0 17.67 14.33 32 32 32h32c17.67 0 32-14.33 32-32V304h144c17.67 0 32-14.33 32-32v-32c0-17.67-14.33-32-32-32z\"><\/path><\/svg><\/span>\n\t\t<\/span>\n\n\t\t\t\t\t\t<\/summary>\n\t\t\t\t<div role=\"region\" aria-labelledby=\"e-n-accordion-item-3961\" class=\"elementor-element elementor-element-6228c81 e-con-full e-flex e-con e-child\" data-id=\"6228c81\" data-element_type=\"container\" data-e-type=\"container\">\n\t\t<div role=\"region\" aria-labelledby=\"e-n-accordion-item-3961\" class=\"elementor-element elementor-element-14cfb06 e-flex e-con-boxed e-con e-child\" data-id=\"14cfb06\" data-element_type=\"container\" data-e-type=\"container\">\n\t\t\t\t\t<div class=\"e-con-inner\">\n\t\t\t\t<div class=\"elementor-element elementor-element-d045a55 elementor-widget elementor-widget-text-editor\" data-id=\"d045a55\" data-element_type=\"widget\" data-e-type=\"widget\" data-widget_type=\"text-editor.default\">\n\t\t\t\t\t\t\t\t\t<h4><strong>Diretoria Executiva<\/strong><\/h4><hr \/><p><strong><img decoding=\"async\" class=\"alignnone size-full wp-image-12239\" src=\"http:\/\/www.aeamesp.org.br\/wp-content\/uploads\/2020\/03\/presidente.fw_.png\" alt=\"\" width=\"90\" height=\"108\" \/>\u00a0 \u00a0Presidente \u2013\u00a0<\/strong>S\u00edlvia Cristina Silva.<\/p><hr \/><p><img decoding=\"async\" class=\"alignnone size-full wp-image-12240\" src=\"http:\/\/www.aeamesp.org.br\/wp-content\/uploads\/2020\/03\/vice.fw_.png\" alt=\"\" width=\"90\" height=\"108\" \/>\u00a0 \u00a0<strong>Vice-Presidente de Administra\u00e7\u00e3o e Finan\u00e7as \u2013\u00a0<\/strong>Felipe Copche.<\/p><hr \/><p><strong><img decoding=\"async\" class=\"alignnone size-full wp-image-12241\" src=\"http:\/\/www.aeamesp.org.br\/wp-content\/uploads\/2020\/03\/vice-2.fw_.png\" alt=\"\" width=\"90\" height=\"108\" \/>\u00a0 Vice-Presidente de Assuntos Associativos \u2013\u00a0<\/strong>F\u00e1bio Juvenal Ferreira.<\/p><hr \/><p><strong><img loading=\"lazy\" decoding=\"async\" class=\"alignnone wp-image-12242\" src=\"http:\/\/www.aeamesp.org.br\/wp-content\/uploads\/2020\/03\/vice-3.fw_.png\" alt=\"\" width=\"90\" height=\"108\" \/>\u00a0Vice-Presidente de Atividades T\u00e9cnicas \u2013\u00a0<\/strong>Alexandre de Freitas Pinto.<\/p><hr \/><p><img loading=\"lazy\" decoding=\"async\" class=\"alignnone size-full wp-image-12235\" src=\"http:\/\/www.aeamesp.org.br\/wp-content\/uploads\/2020\/03\/1-diretor.fw_.png\" alt=\"\" width=\"90\" height=\"108\" \/>\u00a0 \u00a0<strong>1\u00ba Diretor Tesoureiro \u2013\u00a0<\/strong>Ayrton Camargo e Silva.<\/p><hr \/><p><img loading=\"lazy\" decoding=\"async\" class=\"alignnone size-full wp-image-12237\" src=\"http:\/\/www.aeamesp.org.br\/wp-content\/uploads\/2020\/03\/2-diretor.fw_.png\" alt=\"\" width=\"90\" height=\"108\" \/>\u00a0 \u00a0<strong>2\u00ba Diretor Tesoureiro \u2013\u00a0<\/strong>Rolando Jos\u00e9 Santoro Netto.<\/p><hr \/><p><strong><img loading=\"lazy\" decoding=\"async\" class=\"alignnone size-full wp-image-12236\" src=\"http:\/\/www.aeamesp.org.br\/wp-content\/uploads\/2020\/03\/1-secretario.fw_.png\" alt=\"\" width=\"90\" height=\"108\" \/>\u00a0 1\u00ba Diretor Secret\u00e1rio \u2013\u00a0<\/strong>Juliana TiemiTamanaha.<\/p><hr \/><p><strong><img loading=\"lazy\" decoding=\"async\" class=\"alignnone size-full wp-image-12238\" src=\"http:\/\/www.aeamesp.org.br\/wp-content\/uploads\/2020\/03\/2-secretario.fw_.png\" alt=\"\" width=\"90\" height=\"108\" \/>\u00a0 \u00a02\u00ba Diretor Secret\u00e1rio \u2013\u00a0<\/strong>Dion\u00edsio Matrigani de Souza Gutierres .<\/p><hr \/><h4><strong>ELEITOS CONSELHO DELIBERATIVO<\/strong><\/h4><p>Andr\u00e9 Mazzucatto<br \/>Ayres Rodrigues Gon\u00e7alves<br \/>B\u00e1rbara Ramos Coutinho Vicalvi<br \/>Ana Paula Rodrigues dos Santos Segarro<br \/>Maria Toshiko Yamawaki<br \/>Neila Cust\u00f3dio<br \/>Mario Gallo<br \/>Wilson Mitt<br \/>Antonio Luciano Videira Costa<br \/>Jo\u00e3o Carlos Santos Taqueda<br \/>Daisy ArradiLetaif<br \/>Hayd\u00e9e Svab<\/p><h4><strong>SUPLENTES<\/strong><\/h4><p>Odecio Braga de Louredo Filho<br \/>Claudio de Senna Frederico<br \/>Paulo S\u00e9rgio Siqueira de Carvalho<br \/>Flavio de Moura Doria<\/p><h4><strong>ELEITOS CONSELHO FISCAL<\/strong><\/h4><p>Arnaldo Pinto Coelho<br \/>Antonio Fioravanti<br \/>George Allan Cavalcanti Valdez<\/p><h4><strong>ELEITOS CONSELHO CONSULTIVO<\/strong><\/h4><p>Emiliano Stanislau Affonso Neto<br \/>Jos\u00e9 Geraldo Bai\u00e3o<br \/>Jos\u00e9 Ricardo Fazzole Ferreira<br \/>Luiz Carlos de Alcantara<br \/>Luiz Felipe Pacheco de Ara\u00fajo<br \/>Manoel da Silva Ferreira Filho<br \/>Pedro Armante Carneiro Machado<\/p><h4><strong>DIRETORIA ADJUNTA<\/strong><\/h4><p>Lu\u00eds Felipe Fl\u00f3rio \u2013 Diretor Adjunto de Rela\u00e7\u00f5es Institucionais<br \/>Mario de Mieri \u2013 Diretor Adjunto de Inform\u00e1tica<br \/>Reinaldo Issao Sugui \u2013 Diretor Adjunto de Atividades T\u00e9cnicas<\/p>\t\t\t\t\t\t\t\t<\/div>\n\t\t\t\t\t<\/div>\n\t\t\t\t<\/div>\n\t\t\t\t<\/div>\n\t\t\t\t\t<\/details>\n\t\t\t\t\t\t<details id=\"e-n-accordion-item-3962\" class=\"e-n-accordion-item\" >\n\t\t\t\t<summary class=\"e-n-accordion-item-title\" data-accordion-index=\"3\" tabindex=\"-1\" aria-expanded=\"false\" aria-controls=\"e-n-accordion-item-3962\" >\n\t\t\t\t\t<span class='e-n-accordion-item-title-header'><div class=\"e-n-accordion-item-title-text\"> Gest\u00e3o 2017 - 2019 <\/div><\/span>\n\t\t\t\t\t\t\t<span class='e-n-accordion-item-title-icon'>\n\t\t\t<span class='e-opened' ><svg aria-hidden=\"true\" class=\"e-font-icon-svg e-fas-minus\" viewBox=\"0 0 448 512\" xmlns=\"http:\/\/www.w3.org\/2000\/svg\"><path d=\"M416 208H32c-17.67 0-32 14.33-32 32v32c0 17.67 14.33 32 32 32h384c17.67 0 32-14.33 32-32v-32c0-17.67-14.33-32-32-32z\"><\/path><\/svg><\/span>\n\t\t\t<span class='e-closed'><svg aria-hidden=\"true\" class=\"e-font-icon-svg e-fas-plus\" viewBox=\"0 0 448 512\" xmlns=\"http:\/\/www.w3.org\/2000\/svg\"><path d=\"M416 208H272V64c0-17.67-14.33-32-32-32h-32c-17.67 0-32 14.33-32 32v144H32c-17.67 0-32 14.33-32 32v32c0 17.67 14.33 32 32 32h144v144c0 17.67 14.33 32 32 32h32c17.67 0 32-14.33 32-32V304h144c17.67 0 32-14.33 32-32v-32c0-17.67-14.33-32-32-32z\"><\/path><\/svg><\/span>\n\t\t<\/span>\n\n\t\t\t\t\t\t<\/summary>\n\t\t\t\t<div role=\"region\" aria-labelledby=\"e-n-accordion-item-3962\" class=\"elementor-element elementor-element-a0ca571 e-con-full e-flex e-con e-child\" data-id=\"a0ca571\" data-element_type=\"container\" data-e-type=\"container\">\n\t\t<div role=\"region\" aria-labelledby=\"e-n-accordion-item-3962\" class=\"elementor-element elementor-element-f33af96 e-flex e-con-boxed e-con e-child\" data-id=\"f33af96\" data-element_type=\"container\" data-e-type=\"container\">\n\t\t\t\t\t<div class=\"e-con-inner\">\n\t\t\t\t<div class=\"elementor-element elementor-element-abf3255 elementor-widget elementor-widget-text-editor\" data-id=\"abf3255\" data-element_type=\"widget\" data-e-type=\"widget\" data-widget_type=\"text-editor.default\">\n\t\t\t\t\t\t\t\t\t<h4><strong>Diretoria Executiva<\/strong><\/h4><hr \/><p><strong><a href=\"http:\/\/www.aeamesp.org.br\/wp-content\/uploads\/2016\/02\/ppp-03.jpg\"><img loading=\"lazy\" decoding=\"async\" class=\"size-full wp-image-7526 alignnone\" src=\"http:\/\/www.aeamesp.org.br\/wp-content\/uploads\/2016\/02\/ppp-03.jpg\" alt=\"\" width=\"61\" height=\"61\" \/><\/a>\u00a0 \u00a0Presidente \u2013\u00a0<\/strong>Pedro Machado.<\/p><hr \/><p><a href=\"http:\/\/www.aeamesp.org.br\/wp-content\/uploads\/2016\/02\/ppp-07.jpg\"><img loading=\"lazy\" decoding=\"async\" class=\"size-full wp-image-7530 alignnone\" src=\"http:\/\/www.aeamesp.org.br\/wp-content\/uploads\/2016\/02\/ppp-07.jpg\" alt=\"\" width=\"61\" height=\"61\" \/><\/a>\u00a0 \u00a0<strong>Vice-Presidente de Administra\u00e7\u00e3o e Finan\u00e7as \u2013\u00a0<\/strong>Andr\u00e9 Mazzucatto.<\/p><hr \/><p><strong><a href=\"http:\/\/www.aeamesp.org.br\/wp-content\/uploads\/2016\/02\/ppp-05.jpg\"><img loading=\"lazy\" decoding=\"async\" class=\"size-full wp-image-7528 alignnone\" src=\"http:\/\/www.aeamesp.org.br\/wp-content\/uploads\/2016\/02\/ppp-05.jpg\" alt=\"\" width=\"61\" height=\"61\" \/><\/a>\u00a0 \u00a0Vice-Presidente de Assuntos Associativos \u2013\u00a0<\/strong>B\u00e1rbara Vicalvi.<\/p><hr \/><p><strong><a href=\"http:\/\/www.aeamesp.org.br\/wp-content\/uploads\/2016\/02\/ppp-02.jpg\"><img loading=\"lazy\" decoding=\"async\" class=\"size-full wp-image-7532 alignnone\" src=\"http:\/\/www.aeamesp.org.br\/wp-content\/uploads\/2016\/02\/ppp-02.jpg\" alt=\"\" width=\"61\" height=\"61\" \/><\/a>\u00a0 \u00a0Vice-Presidente de Atividades T\u00e9cnicas \u2013\u00a0<\/strong>Dion\u00edsio Gutierres.<\/p><hr \/><p><a href=\"http:\/\/www.aeamesp.org.br\/wp-content\/uploads\/2016\/02\/ppp-08.jpg\"><img loading=\"lazy\" decoding=\"async\" class=\"size-full wp-image-7533 alignnone\" src=\"http:\/\/www.aeamesp.org.br\/wp-content\/uploads\/2016\/02\/ppp-08.jpg\" alt=\"\" width=\"61\" height=\"61\" \/><\/a>\u00a0 \u00a0<strong>1\u00ba Diretor Tesoureiro \u2013\u00a0<\/strong>Mario de Mieri.<\/p><hr \/><p><a href=\"http:\/\/www.aeamesp.org.br\/wp-content\/uploads\/2016\/02\/ppp-06.jpg\"><img loading=\"lazy\" decoding=\"async\" class=\"size-full wp-image-7529 alignnone\" src=\"http:\/\/www.aeamesp.org.br\/wp-content\/uploads\/2016\/02\/ppp-06.jpg\" alt=\"\" width=\"61\" height=\"61\" \/><\/a>\u00a0 \u00a0<strong>2\u00ba Diretor Tesoureiro \u2013\u00a0<\/strong>Antonio Fioravanti.<\/p><hr \/><p><strong><a href=\"http:\/\/www.aeamesp.org.br\/wp-content\/uploads\/2016\/02\/ppp-01.jpg\"><img loading=\"lazy\" decoding=\"async\" class=\"size-full wp-image-7531 alignnone\" src=\"http:\/\/www.aeamesp.org.br\/wp-content\/uploads\/2016\/02\/ppp-01.jpg\" alt=\"\" width=\"61\" height=\"61\" \/><\/a>\u00a0 1\u00ba Diretor Secret\u00e1rio \u2013\u00a0<\/strong>Thais Herani.<\/p><hr \/><p><strong><a href=\"http:\/\/www.aeamesp.org.br\/wp-content\/uploads\/2016\/02\/ppp-04.jpg\"><img loading=\"lazy\" decoding=\"async\" class=\"size-full wp-image-7527 alignnone\" src=\"http:\/\/www.aeamesp.org.br\/wp-content\/uploads\/2016\/02\/ppp-04.jpg\" alt=\"\" width=\"61\" height=\"61\" \/><\/a>\u00a0 \u00a02\u00ba Diretor Secret\u00e1rio \u2013\u00a0<\/strong>Maria Yamawaki.<\/p><hr \/><h4>\u00a0<\/h4><h4><strong>Conselho Deliberativo<\/strong><\/h4><p>Iria Aparecida Hissnauer Assef<br \/>Plinio Oswaldo Assmann<br \/>Ayres Rodrigues Gon\u00e7alves<br \/>Mara Silvana Siqueira<br \/>Fabio Tadeu Alves<br \/>Ana Paula Rodrigues dos Santos Segarro<br \/>Wilson Mitt<br \/>Juliana Tiemi Tamanaha<br \/>Haydee Svab<br \/>Neila Cust\u00f3dio<br \/>Odecio Braga de Louredo Filho<br \/>Jorge Rachid Sabbag Filho<\/p><hr \/><h4>Suplentes<\/h4><p>Felipe Copche, Benedito Tadeu de Souza<br \/>Alexandre de Freitas Pinto<br \/>Italo Biasotto<br \/>Sergio Guedelha Coutinho<\/p><hr \/><h4>\u00a0<\/h4><h4><strong>Conselho Fiscal<\/strong><\/h4><p>Antonio Marcio Barros Silva<br \/>Agostinho Minicuci<br \/>Antonio Luciano Videira Costa<\/p><hr \/><h4>Suplentes<\/h4><p>Luiz Eduardo Argenton<br \/>Rolando Jos\u00e9 Santoro Netto<\/p><hr \/><h4>\u00a0<\/h4><h4><strong>Conselho Consultivo<\/strong><\/h4><p>Emiliano Stanislau Affonso Neto<br \/>Jos\u00e9 Geraldo Bai\u00e3o<br \/>Jos\u00e9 Ricardo Fazzole Ferreira<br \/>Luiz Carlos de Alcantara<br \/>Luiz Felipe Pacheco de Araujo<br \/>Manoel da Silva Ferreira Filho<\/p>\t\t\t\t\t\t\t\t<\/div>\n\t\t\t\t\t<\/div>\n\t\t\t\t<\/div>\n\t\t\t\t<\/div>\n\t\t\t\t\t<\/details>\n\t\t\t\t\t<\/div>\n\t\t\t\t\t\t<\/div>\n\t\t\t\t\t<\/div>\n\t\t\t\t<\/div>\n\t\t\t\t<\/div>\n\t\t","protected":false},"excerpt":{"rendered":"<p>Nosso Estatuto Gest\u00e3o 2023 &#8211; 2026 Diretoria Executiva Eng. Lu\u00eds&hellip;<\/p>\n<p> <a class=\"more-link\" href=\"https:\/\/aeamesp.org.br\/site2025\/gestao\/\">Leia mais<\/a><\/p>\n","protected":false},"author":1,"featured_media":0,"parent":0,"menu_order":0,"comment_status":"closed","ping_status":"closed","template":"","meta":{"pagelayer_contact_templates":[],"_pagelayer_content":"","_kadence_starter_templates_imported_post":false,"footnotes":""},"class_list":["post-11727","page","type-page","status-publish"],"_links":{"self":[{"href":"https:\/\/aeamesp.org.br\/site2025\/wp-json\/wp\/v2\/pages\/11727","targetHints":{"allow":["GET"]}}],"collection":[{"href":"https:\/\/aeamesp.org.br\/site2025\/wp-json\/wp\/v2\/pages"}],"about":[{"href":"https:\/\/aeamesp.org.br\/site2025\/wp-json\/wp\/v2\/types\/page"}],"author":[{"embeddable":true,"href":"https:\/\/aeamesp.org.br\/site2025\/wp-json\/wp\/v2\/users\/1"}],"replies":[{"embeddable":true,"href":"https:\/\/aeamesp.org.br\/site2025\/wp-json\/wp\/v2\/comments?post=11727"}],"version-history":[{"count":40,"href":"https:\/\/aeamesp.org.br\/site2025\/wp-json\/wp\/v2\/pages\/11727\/revisions"}],"predecessor-version":[{"id":11785,"href":"https:\/\/aeamesp.org.br\/site2025\/wp-json\/wp\/v2\/pages\/11727\/revisions\/11785"}],"wp:attachment":[{"href":"https:\/\/aeamesp.org.br\/site2025\/wp-json\/wp\/v2\/media?parent=11727"}],"curies":[{"name":"wp","href":"https:\/\/api.w.org\/{rel}","templated":true}]}}